{"id":14,"date":"2022-05-17T10:37:01","date_gmt":"2022-05-17T08:37:01","guid":{"rendered":"https:\/\/locvalloire.com\/?page_id=14"},"modified":"2022-09-26T18:57:02","modified_gmt":"2022-09-26T16:57:02","slug":"le-village-de-valloire","status":"publish","type":"page","link":"https:\/\/locvalloire.com\/index.php\/le-village-de-valloire\/","title":{"rendered":"le village de valloire"},"content":{"rendered":"\t\t<div data-elementor-type=\"wp-page\" data-elementor-id=\"14\" class=\"elementor elementor-14\">\n\t\t\t\t\t\t<section class=\"elementor-section elementor-top-section elementor-element elementor-element-0593b2e elementor-section-boxed elementor-section-height-default elementor-section-height-default\" data-id=\"0593b2e\" data-element_type=\"section\" data-e-type=\"section\">\n\t\t\t\t\t\t<div class=\"elementor-container elementor-column-gap-default\">\n\t\t\t\t\t<div class=\"elementor-column elementor-col-50 elementor-top-column elementor-element elementor-element-9dba98a\" data-id=\"9dba98a\" data-element_type=\"column\" data-e-type=\"column\">\n\t\t\t<div class=\"elementor-widget-wrap elementor-element-populated\">\n\t\t\t\t\t\t<div class=\"elementor-element elementor-element-1895cb3 elementor-widget elementor-widget-text-editor\" data-id=\"1895cb3\" data-element_type=\"widget\" data-e-type=\"widget\" data-widget_type=\"text-editor.default\">\n\t\t\t\t<div class=\"elementor-widget-container\">\n\t\t\t\t\t\t\t\t\t<p>Valloire est un village Savoyard de montagne au pied du Galibier. Id\u00e9al pour vos vacances de v\u00e9lo, ski, randonn\u00e9e et autres activit\u00e9s audacieuses .<\/p><p>1430\/2600m d&rsquo;altitude &#8211; plus de 20 activit\u00e9s d&rsquo;\u00e9t\u00e9 &#8211; plus de 30 restaurants et bars &#8211; 18 hameaux et 17 chapelles\u00a0<\/p><p>Avec sa liaison vers Valmeinier, Valloire propose sur 0 km de pistes<\/p><p>Valloire est \u00e9galement un super endroit pour vos vacances d&rsquo;\u00e9t\u00e9, les amateurs de randonn\u00e9es, les cyclistes, les familles, les p\u00eacheurs et les amateurs de musique, la p\u00eache\u00a0 y trouveront le cadre, les animations pour se satisfaire\u00a0<\/p><p>100 km de piste de VTT,\u00a0<\/p><p>15km du Galibier<\/p><p>jeux\u00a0\u00a0<\/p>\t\t\t\t\t\t\t\t<\/div>\n\t\t\t\t<\/div>\n\t\t\t\t\t<\/div>\n\t\t<\/div>\n\t\t\t\t<div class=\"elementor-column elementor-col-50 elementor-top-column elementor-element elementor-element-e0e586f\" data-id=\"e0e586f\" data-element_type=\"column\" data-e-type=\"column\">\n\t\t\t<div class=\"elementor-widget-wrap elementor-element-populated\">\n\t\t\t\t\t\t<div class=\"elementor-element elementor-element-8dbdf33 elementor-widget elementor-widget-image\" data-id=\"8dbdf33\" data-element_type=\"widget\" data-e-type=\"widget\" data-widget_type=\"image.default\">\n\t\t\t\t<div class=\"elementor-widget-container\">\n\t\t\t\t\t\t\t\t\t\t\t\t\t\t\t<img fetchpriority=\"high\" decoding=\"async\" width=\"1024\" height=\"448\" src=\"https:\/\/locvalloire.com\/wp-content\/uploads\/2022\/05\/IMG-20220218-WA0023-e1652787841903-1024x448.jpg\" class=\"attachment-large size-large wp-image-57\" alt=\"Crey du Quart Valloire\" srcset=\"https:\/\/locvalloire.com\/wp-content\/uploads\/2022\/05\/IMG-20220218-WA0023-e1652787841903-1024x448.jpg 1024w, https:\/\/locvalloire.com\/wp-content\/uploads\/2022\/05\/IMG-20220218-WA0023-e1652787841903-300x131.jpg 300w, https:\/\/locvalloire.com\/wp-content\/uploads\/2022\/05\/IMG-20220218-WA0023-e1652787841903-768x336.jpg 768w, https:\/\/locvalloire.com\/wp-content\/uploads\/2022\/05\/IMG-20220218-WA0023-e1652787841903-1536x672.jpg 1536w, https:\/\/locvalloire.com\/wp-content\/uploads\/2022\/05\/IMG-20220218-WA0023-e1652787841903.jpg 2048w\" sizes=\"(max-width: 1024px) 100vw, 1024px\" \/>\t\t\t\t\t\t\t\t\t\t\t\t\t\t\t<\/div>\n\t\t\t\t<\/div>\n\t\t\t\t\t<\/div>\n\t\t<\/div>\n\t\t\t\t\t<\/div>\n\t\t<\/section>\n\t\t\t\t<section class=\"elementor-section elementor-top-section elementor-element elementor-element-258bc10 elementor-section-boxed elementor-section-height-default elementor-section-height-default\" data-id=\"258bc10\" data-element_type=\"section\" data-e-type=\"section\">\n\t\t\t\t\t\t<div class=\"elementor-container elementor-column-gap-default\">\n\t\t\t\t\t<div class=\"elementor-column elementor-col-100 elementor-top-column elementor-element elementor-element-7f04eb1\" data-id=\"7f04eb1\" data-element_type=\"column\" data-e-type=\"column\">\n\t\t\t<div class=\"elementor-widget-wrap elementor-element-populated\">\n\t\t\t\t\t\t<div class=\"elementor-element elementor-element-a3d3e49 elementor-widget__width-inherit elementor-arrows-position-inside elementor-pagination-position-outside elementor-widget elementor-widget-image-carousel\" data-id=\"a3d3e49\" data-element_type=\"widget\" data-e-type=\"widget\" data-settings=\"{&quot;slides_to_show&quot;:&quot;2&quot;,&quot;slides_to_scroll&quot;:&quot;2&quot;,&quot;navigation&quot;:&quot;both&quot;,&quot;autoplay&quot;:&quot;yes&quot;,&quot;pause_on_hover&quot;:&quot;yes&quot;,&quot;pause_on_interaction&quot;:&quot;yes&quot;,&quot;autoplay_speed&quot;:5000,&quot;infinite&quot;:&quot;yes&quot;,&quot;speed&quot;:500}\" data-widget_type=\"image-carousel.default\">\n\t\t\t\t<div class=\"elementor-widget-container\">\n\t\t\t\t\t\t\t<div class=\"elementor-image-carousel-wrapper swiper\" role=\"region\" aria-roledescription=\"carousel\" aria-label=\"Carrousel d\u2019images\" dir=\"ltr\">\n\t\t\t<div class=\"elementor-image-carousel swiper-wrapper\" aria-live=\"off\">\n\t\t\t\t\t\t\t\t<div class=\"swiper-slide\" role=\"group\" aria-roledescription=\"slide\" aria-label=\"1 sur 4\"><figure class=\"swiper-slide-inner\"><img decoding=\"async\" class=\"swiper-slide-image\" src=\"https:\/\/locvalloire.com\/wp-content\/uploads\/2022\/05\/vue-sur-les-chalets-statue-neige-1-e1653638340490-768x577.jpg\" alt=\"vue sur les chalets statue neige\" \/><\/figure><\/div><div class=\"swiper-slide\" role=\"group\" aria-roledescription=\"slide\" aria-label=\"2 sur 4\"><figure class=\"swiper-slide-inner\"><img decoding=\"async\" class=\"swiper-slide-image\" src=\"https:\/\/locvalloire.com\/wp-content\/uploads\/2022\/05\/Valloire-depuis-le-balcon-2-768x576.jpg\" alt=\"Valloire depuis le balcon 2\" \/><\/figure><\/div><div class=\"swiper-slide\" role=\"group\" aria-roledescription=\"slide\" aria-label=\"3 sur 4\"><figure class=\"swiper-slide-inner\"><img decoding=\"async\" class=\"swiper-slide-image\" src=\"https:\/\/locvalloire.com\/wp-content\/uploads\/2022\/05\/20210819_165304-scaled-e1653638688628-768x576.jpg\" alt=\"20210819_165304\" \/><\/figure><\/div><div class=\"swiper-slide\" role=\"group\" aria-roledescription=\"slide\" aria-label=\"4 sur 4\"><figure class=\"swiper-slide-inner\"><img decoding=\"async\" class=\"swiper-slide-image\" src=\"https:\/\/locvalloire.com\/wp-content\/uploads\/2022\/05\/Valmeinier-vue-sur-les-ecrins-scaled-e1653638579256-768x576.jpg\" alt=\"Valmeinier vue sur les \u00e9crins\" \/><\/figure><\/div>\t\t\t<\/div>\n\t\t\t\t\t\t\t\t\t\t\t\t<div class=\"elementor-swiper-button elementor-swiper-button-prev\" role=\"button\" tabindex=\"0\">\n\t\t\t\t\t\t<i aria-hidden=\"true\" class=\"eicon-chevron-left\"><\/i>\t\t\t\t\t<\/div>\n\t\t\t\t\t<div class=\"elementor-swiper-button elementor-swiper-button-next\" role=\"button\" tabindex=\"0\">\n\t\t\t\t\t\t<i aria-hidden=\"true\" class=\"eicon-chevron-right\"><\/i>\t\t\t\t\t<\/div>\n\t\t\t\t\n\t\t\t\t\t\t\t\t\t<div class=\"swiper-pagination\"><\/div>\n\t\t\t\t\t\t\t\t\t<\/div>\n\t\t\t\t\t\t<\/div>\n\t\t\t\t<\/div>\n\t\t\t\t\t<\/div>\n\t\t<\/div>\n\t\t\t\t\t<\/div>\n\t\t<\/section>\n\t\t\t\t<section class=\"elementor-section elementor-top-section elementor-element elementor-element-65b7fae elementor-section-boxed elementor-section-height-default elementor-section-height-default\" data-id=\"65b7fae\" data-element_type=\"section\" data-e-type=\"section\">\n\t\t\t\t\t\t<div class=\"elementor-container elementor-column-gap-default\">\n\t\t\t\t\t<div class=\"elementor-column elementor-col-33 elementor-top-column elementor-element elementor-element-c3bc215\" data-id=\"c3bc215\" data-element_type=\"column\" data-e-type=\"column\">\n\t\t\t<div class=\"elementor-widget-wrap\">\n\t\t\t\t\t\t\t<\/div>\n\t\t<\/div>\n\t\t\t\t<div class=\"elementor-column elementor-col-33 elementor-top-column elementor-element elementor-element-a319720\" data-id=\"a319720\" data-element_type=\"column\" data-e-type=\"column\">\n\t\t\t<div class=\"elementor-widget-wrap\">\n\t\t\t\t\t\t\t<\/div>\n\t\t<\/div>\n\t\t\t\t<div class=\"elementor-column elementor-col-33 elementor-top-column elementor-element elementor-element-20d80a8\" data-id=\"20d80a8\" data-element_type=\"column\" data-e-type=\"column\">\n\t\t\t<div class=\"elementor-widget-wrap\">\n\t\t\t\t\t\t\t<\/div>\n\t\t<\/div>\n\t\t\t\t\t<\/div>\n\t\t<\/section>\n\t\t\t\t<section class=\"elementor-section elementor-top-section elementor-element elementor-element-689d5d5 elementor-section-boxed elementor-section-height-default elementor-section-height-default\" data-id=\"689d5d5\" data-element_type=\"section\" data-e-type=\"section\">\n\t\t\t\t\t\t<div class=\"elementor-container elementor-column-gap-default\">\n\t\t\t\t\t<div class=\"elementor-column elementor-col-100 elementor-top-column elementor-element elementor-element-4f94e21\" data-id=\"4f94e21\" data-element_type=\"column\" data-e-type=\"column\">\n\t\t\t<div class=\"elementor-widget-wrap elementor-element-populated\">\n\t\t\t\t\t\t<div class=\"elementor-element elementor-element-7861828 elementor-widget elementor-widget-wp-widget-categories\" data-id=\"7861828\" data-element_type=\"widget\" data-e-type=\"widget\" data-widget_type=\"wp-widget-categories.default\">\n\t\t\t\t<div class=\"elementor-widget-container\">\n\t\t\t\t\t<h5>Cat\u00e9gories<\/h5>\n\t\t\t<ul>\n\t\t\t\t\t<li class=\"cat-item cat-item-2106\"><a href=\"https:\/\/locvalloire.com\/index.php\/category\/actualites-dans-la-vallee\/\">Actualit\u00e9s dans la vall\u00e9e<\/a>\n<\/li>\n\t\t\t<\/ul>\n\n\t\t\t\t\t\t\t<\/div>\n\t\t\t\t<\/div>\n\t\t\t\t\t<\/div>\n\t\t<\/div>\n\t\t\t\t\t<\/div>\n\t\t<\/section>\n\t\t\t\t<\/div>\n\t\t","protected":false},"excerpt":{"rendered":"<p>Valloire est un village Savoyard de montagne au pied du Galibier. Id\u00e9al pour vos vacances de v\u00e9lo, ski, randonn\u00e9e et autres activit\u00e9s audacieuses . 1430\/2600m d&rsquo;altitude &#8211; plus de 20 activit\u00e9s d&rsquo;\u00e9t\u00e9 &#8211; plus de 30 restaurants et bars &#8211; 18 hameaux et 17 chapelles\u00a0 Avec sa liaison vers Valmeinier, Valloire propose sur 0 km [&hellip;]<\/p>\n","protected":false},"author":1,"featured_media":0,"parent":0,"menu_order":0,"comment_status":"closed","ping_status":"closed","template":"","meta":{"footnotes":""},"class_list":["post-14","page","type-page","status-publish","hentry"],"yoast_head":"<!-- This site is optimized with the Yoast SEO plugin v26.4 - https:\/\/yoast.com\/wordpress\/plugins\/seo\/ -->\n<title>le village de valloire - LocValloire<\/title>\n<meta name=\"robots\" content=\"index, follow, max-snippet:-1, max-image-preview:large, max-video-preview:-1\" \/>\n<link rel=\"canonical\" href=\"https:\/\/locvalloire.com\/index.php\/le-village-de-valloire\/\" \/>\n<meta property=\"og:locale\" content=\"fr_FR\" \/>\n<meta property=\"og:type\" content=\"article\" \/>\n<meta property=\"og:title\" content=\"le village de valloire - LocValloire\" \/>\n<meta property=\"og:description\" content=\"Valloire est un village Savoyard de montagne au pied du Galibier. Id\u00e9al pour vos vacances de v\u00e9lo, ski, randonn\u00e9e et autres activit\u00e9s audacieuses . 1430\/2600m d&rsquo;altitude &#8211; plus de 20 activit\u00e9s d&rsquo;\u00e9t\u00e9 &#8211; plus de 30 restaurants et bars &#8211; 18 hameaux et 17 chapelles\u00a0 Avec sa liaison vers Valmeinier, Valloire propose sur 0 km [&hellip;]\" \/>\n<meta property=\"og:url\" content=\"https:\/\/locvalloire.com\/index.php\/le-village-de-valloire\/\" \/>\n<meta property=\"og:site_name\" content=\"LocValloire\" \/>\n<meta property=\"article:modified_time\" content=\"2022-09-26T16:57:02+00:00\" \/>\n<meta property=\"og:image\" content=\"https:\/\/locvalloire.com\/wp-content\/uploads\/2022\/05\/IMG-20220218-WA0023-e1652787841903-1024x448.jpg\" \/>\n<meta name=\"twitter:card\" content=\"summary_large_image\" \/>\n<meta name=\"twitter:label1\" content=\"Dur\u00e9e de lecture estim\u00e9e\" \/>\n\t<meta name=\"twitter:data1\" content=\"3 minutes\" \/>\n<script type=\"application\/ld+json\" class=\"yoast-schema-graph\">{\"@context\":\"https:\/\/schema.org\",\"@graph\":[{\"@type\":\"WebPage\",\"@id\":\"https:\/\/locvalloire.com\/index.php\/le-village-de-valloire\/\",\"url\":\"https:\/\/locvalloire.com\/index.php\/le-village-de-valloire\/\",\"name\":\"le village de valloire - LocValloire\",\"isPartOf\":{\"@id\":\"https:\/\/locvalloire.com\/#website\"},\"primaryImageOfPage\":{\"@id\":\"https:\/\/locvalloire.com\/index.php\/le-village-de-valloire\/#primaryimage\"},\"image\":{\"@id\":\"https:\/\/locvalloire.com\/index.php\/le-village-de-valloire\/#primaryimage\"},\"thumbnailUrl\":\"https:\/\/locvalloire.com\/wp-content\/uploads\/2022\/05\/IMG-20220218-WA0023-e1652787841903-1024x448.jpg\",\"datePublished\":\"2022-05-17T08:37:01+00:00\",\"dateModified\":\"2022-09-26T16:57:02+00:00\",\"breadcrumb\":{\"@id\":\"https:\/\/locvalloire.com\/index.php\/le-village-de-valloire\/#breadcrumb\"},\"inLanguage\":\"fr-FR\",\"potentialAction\":[{\"@type\":\"ReadAction\",\"target\":[\"https:\/\/locvalloire.com\/index.php\/le-village-de-valloire\/\"]}]},{\"@type\":\"ImageObject\",\"inLanguage\":\"fr-FR\",\"@id\":\"https:\/\/locvalloire.com\/index.php\/le-village-de-valloire\/#primaryimage\",\"url\":\"https:\/\/locvalloire.com\/wp-content\/uploads\/2022\/05\/IMG-20220218-WA0023-e1652787841903.jpg\",\"contentUrl\":\"https:\/\/locvalloire.com\/wp-content\/uploads\/2022\/05\/IMG-20220218-WA0023-e1652787841903.jpg\",\"width\":2048,\"height\":896,\"caption\":\"Crey du Quart Valloire\"},{\"@type\":\"BreadcrumbList\",\"@id\":\"https:\/\/locvalloire.com\/index.php\/le-village-de-valloire\/#breadcrumb\",\"itemListElement\":[{\"@type\":\"ListItem\",\"position\":1,\"name\":\"Accueil\",\"item\":\"https:\/\/locvalloire.com\/\"},{\"@type\":\"ListItem\",\"position\":2,\"name\":\"le village de valloire\"}]},{\"@type\":\"WebSite\",\"@id\":\"https:\/\/locvalloire.com\/#website\",\"url\":\"https:\/\/locvalloire.com\/\",\"name\":\"LocValloire\",\"description\":\"Vos vacances \u00e0 Valloire\",\"potentialAction\":[{\"@type\":\"SearchAction\",\"target\":{\"@type\":\"EntryPoint\",\"urlTemplate\":\"https:\/\/locvalloire.com\/?s={search_term_string}\"},\"query-input\":{\"@type\":\"PropertyValueSpecification\",\"valueRequired\":true,\"valueName\":\"search_term_string\"}}],\"inLanguage\":\"fr-FR\"}]}<\/script>\n<!-- \/ Yoast SEO plugin. -->","yoast_head_json":{"title":"le village de valloire - LocValloire","robots":{"index":"index","follow":"follow","max-snippet":"max-snippet:-1","max-image-preview":"max-image-preview:large","max-video-preview":"max-video-preview:-1"},"canonical":"https:\/\/locvalloire.com\/index.php\/le-village-de-valloire\/","og_locale":"fr_FR","og_type":"article","og_title":"le village de valloire - LocValloire","og_description":"Valloire est un village Savoyard de montagne au pied du Galibier. Id\u00e9al pour vos vacances de v\u00e9lo, ski, randonn\u00e9e et autres activit\u00e9s audacieuses . 1430\/2600m d&rsquo;altitude &#8211; plus de 20 activit\u00e9s d&rsquo;\u00e9t\u00e9 &#8211; plus de 30 restaurants et bars &#8211; 18 hameaux et 17 chapelles\u00a0 Avec sa liaison vers Valmeinier, Valloire propose sur 0 km [&hellip;]","og_url":"https:\/\/locvalloire.com\/index.php\/le-village-de-valloire\/","og_site_name":"LocValloire","article_modified_time":"2022-09-26T16:57:02+00:00","og_image":[{"url":"https:\/\/locvalloire.com\/wp-content\/uploads\/2022\/05\/IMG-20220218-WA0023-e1652787841903-1024x448.jpg","type":"","width":"","height":""}],"twitter_card":"summary_large_image","twitter_misc":{"Dur\u00e9e de lecture estim\u00e9e":"3 minutes"},"schema":{"@context":"https:\/\/schema.org","@graph":[{"@type":"WebPage","@id":"https:\/\/locvalloire.com\/index.php\/le-village-de-valloire\/","url":"https:\/\/locvalloire.com\/index.php\/le-village-de-valloire\/","name":"le village de valloire - LocValloire","isPartOf":{"@id":"https:\/\/locvalloire.com\/#website"},"primaryImageOfPage":{"@id":"https:\/\/locvalloire.com\/index.php\/le-village-de-valloire\/#primaryimage"},"image":{"@id":"https:\/\/locvalloire.com\/index.php\/le-village-de-valloire\/#primaryimage"},"thumbnailUrl":"https:\/\/locvalloire.com\/wp-content\/uploads\/2022\/05\/IMG-20220218-WA0023-e1652787841903-1024x448.jpg","datePublished":"2022-05-17T08:37:01+00:00","dateModified":"2022-09-26T16:57:02+00:00","breadcrumb":{"@id":"https:\/\/locvalloire.com\/index.php\/le-village-de-valloire\/#breadcrumb"},"inLanguage":"fr-FR","potentialAction":[{"@type":"ReadAction","target":["https:\/\/locvalloire.com\/index.php\/le-village-de-valloire\/"]}]},{"@type":"ImageObject","inLanguage":"fr-FR","@id":"https:\/\/locvalloire.com\/index.php\/le-village-de-valloire\/#primaryimage","url":"https:\/\/locvalloire.com\/wp-content\/uploads\/2022\/05\/IMG-20220218-WA0023-e1652787841903.jpg","contentUrl":"https:\/\/locvalloire.com\/wp-content\/uploads\/2022\/05\/IMG-20220218-WA0023-e1652787841903.jpg","width":2048,"height":896,"caption":"Crey du Quart Valloire"},{"@type":"BreadcrumbList","@id":"https:\/\/locvalloire.com\/index.php\/le-village-de-valloire\/#breadcrumb","itemListElement":[{"@type":"ListItem","position":1,"name":"Accueil","item":"https:\/\/locvalloire.com\/"},{"@type":"ListItem","position":2,"name":"le village de valloire"}]},{"@type":"WebSite","@id":"https:\/\/locvalloire.com\/#website","url":"https:\/\/locvalloire.com\/","name":"LocValloire","description":"Vos vacances \u00e0 Valloire","potentialAction":[{"@type":"SearchAction","target":{"@type":"EntryPoint","urlTemplate":"https:\/\/locvalloire.com\/?s={search_term_string}"},"query-input":{"@type":"PropertyValueSpecification","valueRequired":true,"valueName":"search_term_string"}}],"inLanguage":"fr-FR"}]}},"_links":{"self":[{"href":"https:\/\/locvalloire.com\/index.php\/wp-json\/wp\/v2\/pages\/14","targetHints":{"allow":["GET"]}}],"collection":[{"href":"https:\/\/locvalloire.com\/index.php\/wp-json\/wp\/v2\/pages"}],"about":[{"href":"https:\/\/locvalloire.com\/index.php\/wp-json\/wp\/v2\/types\/page"}],"author":[{"embeddable":true,"href":"https:\/\/locvalloire.com\/index.php\/wp-json\/wp\/v2\/users\/1"}],"replies":[{"embeddable":true,"href":"https:\/\/locvalloire.com\/index.php\/wp-json\/wp\/v2\/comments?post=14"}],"version-history":[{"count":34,"href":"https:\/\/locvalloire.com\/index.php\/wp-json\/wp\/v2\/pages\/14\/revisions"}],"predecessor-version":[{"id":5826,"href":"https:\/\/locvalloire.com\/index.php\/wp-json\/wp\/v2\/pages\/14\/revisions\/5826"}],"wp:attachment":[{"href":"https:\/\/locvalloire.com\/index.php\/wp-json\/wp\/v2\/media?parent=14"}],"curies":[{"name":"wp","href":"https:\/\/api.w.org\/{rel}","templated":true}]}}